374 a multiple of 64?
False
Is 21510 a multiple of 9?
True
Is 37 a factor of 942?
False
Is 11 a factor of 15928?
True
Does 242 divide 42305?
False
Is 25 a factor of 3660?
False
Does 13 divide 10481?
False
Does 7 divide 434?
True
Is 134 a factor of 11447?
False
Is 1210 a multiple of 14?
False
Is 43 a factor of 2193?
True
Is 52 a factor of 8740?
False
Is 4 a factor of 321?
False
Is 11256 a multiple of 28?
True
Is 15 a factor of 15945?
True
Is 416 a multiple of 13?
True
Is 17986 a multiple of 17?
True
Is 101 a factor of 733?
False
Is 6653 a multiple of 3?
False
Does 68 divide 25262?
False
Is 82 a factor of 14268?
True
Does 12 divide 935?
False
Does 18 divide 15309?
False
Does 105 divide 10230?
False
Is 17 a factor of 2108?
True
Is 14 a factor of 252?
True
Is 6515 a multiple of 115?
False
Is 73 a factor of 6497?
True
Is 112 a multiple of 4?
True
Is 300 a multiple of 15?
True
Does 39 divide 429?
True
Does 14 divide 6642?
False
Is 12696 a multiple of 23?
True
Is 75 a factor of 40575?
True
Is 32 a factor of 1184?
True
Is 1522 a multiple of 3?
False
Is 683 a multiple of 9?
False
Is 9 a factor of 7073?
False
Is 1083 a multiple of 7?
False
Is 1663 a multiple of 188?
False
Does 71 divide 355?
True
Does 7 divide 26492?
False
Is 287 a multiple of 5?
False
Is 86 a factor of 7597?
False
Does 100 divide 1896?
False
Is 4768 a multiple of 5?
False
Is 17 a factor of 238?
True
Is 1649 a multiple of 17?
True
Is 18 a factor of 80154?
True
Is 926 a multiple of 17?
False
Is 3052 a multiple of 50?
False
Is 24 a factor of 1461?
False
Does 50 divide 200?
True
Does 33 divide 3932?
False
Is 70560 a multiple of 30?
True
Is 17319 a multiple of 23?
True
Does 14 divide 110124?
True
Is 88 a multiple of 11?
True
Is 1664 a multiple of 52?
True
Is 226 a factor of 11925?
False
Is 23 a factor of 2889?
False
Is 5745 a multiple of 15?
True
Is 84 a factor of 407?
False
Is 278 a factor of 42534?
True
Does 5 divide 122?
False
Is 64139 a multiple of 19?
False
Is 1127 a multiple of 154?
False
Is 14 a factor of 21007?
False
Is 72 a factor of 24502?
False
Does 15 divide 25380?
True
Does 22 divide 985?
False
Does 204 divide 6494?
False
Is 2336 even?
True
Does 7 divide 2125?
False
Is 1896 a multiple of 28?
False
Is 900 a multiple of 18?
True
Does 63 divide 9324?
True
Is 4 a factor of 231?
False
Is 12 a factor of 3852?
True
Does 116 divide 17980?
True
Is 3259 a multiple of 47?
False
Is 16 a factor of 441?
False
Is 242 a factor of 31445?
False
Is 39151 a multiple of 49?
True
Does 13 divide 97890?
True
Is 1179 a multiple of 24?
False
Is 41 a factor of 861?
True
Is 24 a factor of 732?
False
Is 21879 a multiple of 13?
True
Is 50 a factor of 450?
True
Is 3219 a multiple of 93?
False
Is 510 a multiple of 15?
True
Is 17 a factor of 109?
False
Does 10 divide 1064?
False
Is 12 a factor of 1398?
False
Is 2187 a multiple of 81?
True
Is 18466 a multiple of 14?
True
Is 663 a multiple of 13?
True
Is 88754 a multiple of 10?
False
Is 53 a factor of 865?
False
Does 9 divide 15?
False
Is 6 a factor of 513?
False
Is 17 a factor of 36?
False
Is 9240 a multiple of 39?
False
Is 30 a factor of 666?
False
Is 37 a factor of 74?
True
Is 2183 a multiple of 5?
False
Does 134 divide 503?
False
Is 4280 a multiple of 40?
True
Is 1792 a multiple of 77?
False
Is 3 a factor of 7852?
False
Does 47 divide 43624?
False
Is 1738 a multiple of 11?
True
Is 14 a factor of 56?
True
Is 72116 a multiple of 298?
True
Is 15 a factor of 300?
True
Is 13 a factor of 1383?
False
Is 1216 a multiple of 14?
False
Is 8 a factor of 573?
False
Does 4 divide 24?
True
Is 192 a multiple of 64?
True
Is 63 a factor of 1420?
False
Is 60587 a multiple of 46?
False
Is 969 a multiple of 12?
False
Is 2300 a multiple of 50?
True
Is 32 a factor of 104?
False
Is 4 a factor of 1233?
False
Does 22 divide 842?
False
Is 168 a multiple of 42?
True
Is 25 a factor of 32600?
True
Is 5457 a multiple of 51?
True
Is 299 a multiple of 13?
True
Is 99 a multiple of 5?
False
Does 42 divide 2310?
True
Is 22 a factor of 33391?
False
Does 15 divide 4740?
True
Is 4218 a multiple of 38?
True
Is 1881 a multiple of 57?
True
Does 41 divide 2838?
False
Is 24 a factor of 489?
False
Is 11076 a multiple of 213?
True
Is 14 a factor of 2002?
True
Is 77 a factor of 58135?
True
Is 17064 a multiple of 72?
True
Is 56 a factor of 1232?
True
Is 113094 a multiple of 309?
True
Is 31 a factor of 11736?
False
Is 320 a multiple of 32?
True
Is 17 a factor of 10234?
True
Does 38 divide 1748?
True
Does 48 divide 2592?
True
Is 792 a multiple of 9?
True
Is 19 a factor of 279?
False
Does 65 divide 3035?
False
Is 9 a factor of 981?
True
Does 14 divide 245?
False
Does 11 divide 74239?
True
Is 834 a multiple of 139?
True
Is 363 a multiple of 2?
False
Does 10 divide 2290?
True
Is 63 a factor of 11151?
True
Is 8377 a multiple of 24?
False
Is 3 a factor of 30?
True
Is 16 a factor of 1356?
False
Is 134 a factor of 4943?
False
Does 10 divide 4840?
True
Is 1196 a multiple of 52?
True
Is 13 a factor of 17914?
True
Is 3 a factor of 188?
False
Is 51 a factor of 15578?
False
Is 1379 a multiple of 15?
False
Is 2613 a multiple of 5?
False
Is 9 a factor of 7774?
False
Is 1413 a multiple of 25?
False
Is 26023 a multiple of 257?
False
Is 8 a factor of 36304?
True
Is 3 a factor of 73?
False
Is 2700 a multiple of 20?
True
Is 546 a multiple of 78?
True
Does 47 divide 12840?
False
Is 4983 a multiple of 42?
False
Is 556 a multiple of 44?
False
Is 296 a multiple of 25?
False
Is 1178 a multiple of 31?
True
Does 25 divide 599?
False
Is 43 a factor of 210?
False
Is 167 a factor of 49338?
False
Is 9 a factor of 7308?
True
Is 19450 a multiple of 10?
True
Does 66 divide 4196?
False
Is 2156 a multiple of 8?
False
Is 48 a factor of 1968?
True
Is 13 a factor of 2470?
True
Is 69 a factor of 2208?
True
Is 64746 a multiple of 11?
True
Does 11 divide 1078?
True
Is 803 a multiple of 23?
False
Is 810 a multiple of 54?
True
Does 10 divide 18920?
True
Does 23 divide 437?
True
Does 3 divide 15692?
False
Does 28 divide 7588?
True
Does 4 divide 587?
False
Does 26 divide 11896?
False
Is 2318 a multiple of 61?
True
Is 13915 a multiple of 11?
True
Is 45 a factor of 23782?
False
Is 251 a multiple of 2?
False
Is 6 a factor of 534?
True
Is 1032 a multiple of 24?
True
Is 5764 a multiple of 22?
True
Is 38 a factor of 9209?
False
Is 67 a factor of 93876?
False
Does 141 divide 884?
False
Does 25 divide 828?
False
Is 443 a multiple of 19?
False
Does 21 divide 1743?
True
Is 2435 a multiple of 6?
False
Does 2 divide 48?
True
Is 3 a factor of 50?
False
Is 13 a factor of 41145?
True
Is 4 a factor of 96?
True
Does 9 divide 15795?
True
Does 241 divide 17781?
False
Is 240 a multiple of 7?
False
Does 5 divide 2266?
False
Is 6144 a multiple of 48?
True
Is 10359 a multiple of 9?
True
Does 5 divide 510?
True
Is 55 a factor of 409?
False
Is 26 a factor of 1248?
True
Does 30 divide 581?
False
Is 1483 a multiple of 46?
False
Is 76 a multiple of 2?
True
Is 30 a factor of 2130?
True
Is 350 a multiple of 50?
True
Is 47205 a multiple of 9?
True
Is 11 a factor of 3806?
True
Is 11 a factor of 3531?
True
Is 1080 a multiple of 30?
True
Is 2600 a multiple of 65?
True
Does 6 divide 162?
True
Is 1805 a multiple of 72?
False
Is 11316 a multiple of 9?
False
Does 6 divide 14926?
False
Is 5 a factor of 40?
True
Is 33 a factor of 165?
True
Is 8167 a multiple of 63?
False
Is 725 even?
False
Does 7 divide 2992?
False
Is 525 a multiple of 5?
True
Is 2 a factor of 22?
True
Is 18 a factor of 1422?
True
Does 35 divide 4533?
False
Does 10 divide 66583?
False
Is 324 a multiple of 54?
True
Is 1839 a multiple of 22?
False
Does 43 divide 1118?
True
Is 743 a multiple of 23?
False
Is 3 a factor of 4631?
False
Is 483 a multiple of 23?
True
Is 134 a factor of 33090?
False
Is 1692 a multiple of 47?
True
Is 18 a factor of 2160?
True
Is 8037 a multiple of 19?
True
Does 33 divide 9339?
True
Is 1996 a multiple of 30?
False
Is 7 a factor of 273?
True
Does 54 divide 963?
False
Is 17930 a multiple of 110?
True
Is 248 a multiple of 31?
True
Does 100 divide 1353?
False
Is 473 a multiple of 8?
False
Is 4152 a multiple of 57?
False
Is 37 a factor of 999?
True
Does 21 divide 738?
False
Is 26 a factor of 2080?
True
Is 119 a multiple of 6?
False
Does 152 divide 16568?
True
Does 2 divide 388?
True
Does 14 divide 323